{"id":83,"date":"2025-07-28T15:15:23","date_gmt":"2025-07-28T13:15:23","guid":{"rendered":"https:\/\/pradaabogados.es\/?page_id=83"},"modified":"2026-03-22T11:56:00","modified_gmt":"2026-03-22T10:56:00","slug":"inicio","status":"publish","type":"page","link":"https:\/\/pradaabogados.es\/","title":{"rendered":"Inicio"},"content":{"rendered":"\t\t<div data-elementor-type=\"wp-page\" data-elementor-id=\"83\" class=\"elementor elementor-83\" data-elementor-post-type=\"page\">\n\t\t\t\t<div class=\"elementor-element elementor-element-d5606ea e-con-full e-flex e-con e-child\" data-id=\"d5606ea\" data-element_type=\"container\" data-settings=\"{&quot;background_background&quot;:&quot;classic&quot;}\">\n\t\t\t\t<div class=\"elementor-element elementor-element-8f73631 elementor-widget__width-initial elementor-widget elementor-widget-heading\" data-id=\"8f73631\" data-element_type=\"widget\" data-widget_type=\"heading.default\">\n\t\t\t\t\t<h1 class=\"elementor-heading-title elementor-size-default\">Especialistas en Derecho Penal Econ\u00f3mico desde 1983<\/h1>\t\t\t\t<\/div>\n\t\t\t\t<div class=\"elementor-element elementor-element-45711c3 elementor-widget__width-initial elementor-widget elementor-widget-text-editor\" data-id=\"45711c3\" data-element_type=\"widget\" data-widget_type=\"text-editor.default\">\n\t\t\t\t\t\t\t\t\t<p>Ofrecemos defensa jur\u00eddica especializada en todas las \u00e1reas del Derecho Penal Econ\u00f3mico, protegiendo sus intereses con la m\u00e1xima profesionalidad y rigor.<\/p>\t\t\t\t\t\t\t\t<\/div>\n\t\t\t\t<div class=\"elementor-element elementor-element-8ae4c28 elementor-button-info elementor-align-center elementor-widget-mobile__width-initial elementor-widget elementor-widget-button\" data-id=\"8ae4c28\" data-element_type=\"widget\" data-widget_type=\"button.default\">\n\t\t\t\t\t\t\t\t\t\t<a class=\"elementor-button elementor-button-link elementor-size-sm\" href=\"#\">\n\t\t\t\t\t\t<span class=\"elementor-button-content-wrapper\">\n\t\t\t\t\t\t\t\t\t<span class=\"elementor-button-text\">Solicitar Consulta Confidencial<\/span>\n\t\t\t\t\t<\/span>\n\t\t\t\t\t<\/a>\n\t\t\t\t\t\t\t\t<\/div>\n\t\t\t\t<\/div>\n\t\t<div class=\"elementor-element elementor-element-89caff3 e-flex e-con-boxed e-con e-parent\" data-id=\"89caff3\" data-element_type=\"container\" data-settings=\"{&quot;background_background&quot;:&quot;classic&quot;}\">\n\t\t\t\t\t<div class=\"e-con-inner\">\n\t\t\t\t<div class=\"elementor-element elementor-element-f5e22ac elementor-widget-mobile__width-inherit elementor-widget elementor-widget-heading\" data-id=\"f5e22ac\" data-element_type=\"widget\" data-widget_type=\"heading.default\">\n\t\t\t\t\t<h1 class=\"elementor-heading-title elementor-size-default\">40 A\u00f1os de Experiencia en Derecho Penal Econ\u00f3mico<\/h1>\t\t\t\t<\/div>\n\t\t\t\t<div class=\"elementor-element elementor-element-67bf1d1 elementor-widget__width-initial elementor-widget elementor-widget-text-editor\" data-id=\"67bf1d1\" data-element_type=\"widget\" data-widget_type=\"text-editor.default\">\n\t\t\t\t\t\t\t\t\t<p>PRADA ABOGADOS es un despacho fundado en 1983, especializado exclusivamente en Derecho Penal Econ\u00f3mico. Nuestra amplia trayectoria nos permite ofrecer la m\u00e1xima calidad en la defensa de nuestros clientes, aplicando estrategias jur\u00eddicas eficaces basadas en un profundo conocimiento t\u00e9cnico y una dilatada experiencia pr\u00e1ctica.<\/p>\t\t\t\t\t\t\t\t<\/div>\n\t\t<div class=\"elementor-element elementor-element-8b654ce e-grid e-con-full e-con e-child\" data-id=\"8b654ce\" data-element_type=\"container\">\n\t\t<div class=\"elementor-element elementor-element-4080710 e-con-full e-flex e-con e-child\" data-id=\"4080710\" data-element_type=\"container\">\n\t\t\t\t<div class=\"elementor-element elementor-element-343026a nofill elementor-view-default elementor-widget elementor-widget-icon\" data-id=\"343026a\" data-element_type=\"widget\" data-widget_type=\"icon.default\">\n\t\t\t\t\t\t\t<div class=\"elementor-icon-wrapper\">\n\t\t\t<div class=\"elementor-icon\">\n\t\t\t<svg xmlns=\"http:\/\/www.w3.org\/2000\/svg\" width=\"48\" height=\"48\" viewBox=\"0 0 24 24\" fill=\"none\" stroke=\"currentColor\" stroke-width=\"2\" stroke-linecap=\"round\" stroke-linejoin=\"round\" class=\"lucide lucide-shield mx-auto text-prada-gold\"><path d=\"M20 13c0 5-3.5 7.5-7.66 8.95a1 1 0 0 1-.67-.01C7.5 20.5 4 18 4 13V6a1 1 0 0 1 1-1c2 0 4.5-1.2 6.24-2.72a1.17 1.17 0 0 1 1.52 0C14.51 3.81 17 5 19 5a1 1 0 0 1 1 1z\"><\/path><\/svg>\t\t\t<\/div>\n\t\t<\/div>\n\t\t\t\t\t\t<\/div>\n\t\t\t\t<div class=\"elementor-element elementor-element-8d7007f elementor-widget elementor-widget-heading\" data-id=\"8d7007f\" data-element_type=\"widget\" data-widget_type=\"heading.default\">\n\t\t\t\t\t<h2 class=\"elementor-heading-title elementor-size-default\">Experiencia y Prestigio<\/h2>\t\t\t\t<\/div>\n\t\t\t\t<div class=\"elementor-element elementor-element-e0e206b elementor-widget__width-initial elementor-widget elementor-widget-text-editor\" data-id=\"e0e206b\" data-element_type=\"widget\" data-widget_type=\"text-editor.default\">\n\t\t\t\t\t\t\t\t\t<p>M\u00e1s de cuatro d\u00e9cadas defendiendo casos complejos de Derecho Penal Econ\u00f3mico con rigor y profesionalidad.<\/p>\t\t\t\t\t\t\t\t<\/div>\n\t\t\t\t<\/div>\n\t\t<div class=\"elementor-element elementor-element-8960047 e-con-full e-flex e-con e-child\" data-id=\"8960047\" data-element_type=\"container\">\n\t\t\t\t<div class=\"elementor-element elementor-element-002735b nofill elementor-view-default elementor-widget elementor-widget-icon\" data-id=\"002735b\" data-element_type=\"widget\" data-widget_type=\"icon.default\">\n\t\t\t\t\t\t\t<div class=\"elementor-icon-wrapper\">\n\t\t\t<div class=\"elementor-icon\">\n\t\t\t<svg xmlns=\"http:\/\/www.w3.org\/2000\/svg\" width=\"48\" height=\"48\" viewBox=\"0 0 24 24\" fill=\"none\" stroke=\"currentColor\" stroke-width=\"2\" stroke-linecap=\"round\" stroke-linejoin=\"round\" class=\"lucide lucide-file-search mx-auto text-prada-gold\"><path d=\"M14 2v4a2 2 0 0 0 2 2h4\"><\/path><path d=\"M4.268 21a2 2 0 0 0 1.727 1H18a2 2 0 0 0 2-2V7l-5-5H6a2 2 0 0 0-2 2v3\"><\/path><path d=\"m9 18-1.5-1.5\"><\/path><circle cx=\"5\" cy=\"14\" r=\"3\"><\/circle><\/svg>\t\t\t<\/div>\n\t\t<\/div>\n\t\t\t\t\t\t<\/div>\n\t\t\t\t<div class=\"elementor-element elementor-element-dbf8cca elementor-widget elementor-widget-heading\" data-id=\"dbf8cca\" data-element_type=\"widget\" data-widget_type=\"heading.default\">\n\t\t\t\t\t<h2 class=\"elementor-heading-title elementor-size-default\">Alta Especializaci\u00f3n<\/h2>\t\t\t\t<\/div>\n\t\t\t\t<div class=\"elementor-element elementor-element-d99b900 elementor-widget__width-initial elementor-widget elementor-widget-text-editor\" data-id=\"d99b900\" data-element_type=\"widget\" data-widget_type=\"text-editor.default\">\n\t\t\t\t\t\t\t\t\t<p>Dedicaci\u00f3n exclusiva al Derecho Penal Econ\u00f3mico, garantizando un conocimiento profundo y actualizado.<\/p>\t\t\t\t\t\t\t\t<\/div>\n\t\t\t\t<\/div>\n\t\t<div class=\"elementor-element elementor-element-bfd96fe e-con-full e-flex e-con e-child\" data-id=\"bfd96fe\" data-element_type=\"container\">\n\t\t\t\t<div class=\"elementor-element elementor-element-f5defdb nofill elementor-view-default elementor-widget elementor-widget-icon\" data-id=\"f5defdb\" data-element_type=\"widget\" data-widget_type=\"icon.default\">\n\t\t\t\t\t\t\t<div class=\"elementor-icon-wrapper\">\n\t\t\t<div class=\"elementor-icon\">\n\t\t\t<svg xmlns=\"http:\/\/www.w3.org\/2000\/svg\" width=\"48\" height=\"48\" viewBox=\"0 0 24 24\" fill=\"none\" stroke=\"currentColor\" stroke-width=\"2\" stroke-linecap=\"round\" stroke-linejoin=\"round\" class=\"lucide lucide-user mx-auto text-prada-gold\"><path d=\"M19 21v-2a4 4 0 0 0-4-4H9a4 4 0 0 0-4 4v2\"><\/path><circle cx=\"12\" cy=\"7\" r=\"4\"><\/circle><\/svg>\t\t\t<\/div>\n\t\t<\/div>\n\t\t\t\t\t\t<\/div>\n\t\t\t\t<div class=\"elementor-element elementor-element-0e4d7b6 elementor-widget elementor-widget-heading\" data-id=\"0e4d7b6\" data-element_type=\"widget\" data-widget_type=\"heading.default\">\n\t\t\t\t\t<h2 class=\"elementor-heading-title elementor-size-default\">Atenci\u00f3n Personalizada<\/h2>\t\t\t\t<\/div>\n\t\t\t\t<div class=\"elementor-element elementor-element-dc450b1 elementor-widget__width-initial elementor-widget elementor-widget-text-editor\" data-id=\"dc450b1\" data-element_type=\"widget\" data-widget_type=\"text-editor.default\">\n\t\t\t\t\t\t\t\t\t<p>Cada caso recibe una atenci\u00f3n individualizada adaptada a las necesidades espec\u00edficas de cada cliente.<\/p>\t\t\t\t\t\t\t\t<\/div>\n\t\t\t\t<\/div>\n\t\t\t\t<\/div>\n\t\t\t\t<div class=\"elementor-element elementor-element-1742c44 elementor-align-center elementor-widget__width-inherit elementor-widget elementor-widget-button\" data-id=\"1742c44\" data-element_type=\"widget\" data-widget_type=\"button.default\">\n\t\t\t\t\t\t\t\t\t\t<a class=\"elementor-button elementor-button-link elementor-size-sm\" href=\"#\">\n\t\t\t\t\t\t<span class=\"elementor-button-content-wrapper\">\n\t\t\t\t\t\t\t\t\t<span class=\"elementor-button-text\">Conozca Nuestra Historia<\/span>\n\t\t\t\t\t<\/span>\n\t\t\t\t\t<\/a>\n\t\t\t\t\t\t\t\t<\/div>\n\t\t\t\t\t<\/div>\n\t\t\t\t<\/div>\n\t\t<div class=\"elementor-element elementor-element-c0a5ca0 e-flex e-con-boxed e-con e-parent\" data-id=\"c0a5ca0\" data-element_type=\"container\">\n\t\t\t\t\t<div class=\"e-con-inner\">\n\t\t\t\t<div class=\"elementor-element elementor-element-6d71f3f elementor-widget elementor-widget-heading\" data-id=\"6d71f3f\" data-element_type=\"widget\" data-widget_type=\"heading.default\">\n\t\t\t\t\t<h2 class=\"elementor-heading-title elementor-size-default\">Nuestros Servicios<\/h2>\t\t\t\t<\/div>\n\t\t\t\t<div class=\"elementor-element elementor-element-fea64f5 elementor-widget-mobile__width-inherit elementor-widget__width-inherit elementor-widget elementor-widget-text-editor\" data-id=\"fea64f5\" data-element_type=\"widget\" data-widget_type=\"text-editor.default\">\n\t\t\t\t\t\t\t\t\t<p>Ofrecemos asesoramiento jur\u00eddico y defensa en todas las \u00e1reas del Derecho Penal Econ\u00f3mico, abarcando todas las fases del procedimiento penal con una estrategia personalizada.<\/p>\t\t\t\t\t\t\t\t<\/div>\n\t\t<div class=\"elementor-element elementor-element-2ce08bd e-grid e-con-full e-con e-child\" data-id=\"2ce08bd\" data-element_type=\"container\">\n\t\t<div class=\"elementor-element elementor-element-6b01629 e-con-full e-flex e-con e-child\" data-id=\"6b01629\" data-element_type=\"container\">\n\t\t\t\t<div class=\"elementor-element elementor-element-7045f02 nofill elementor-view-default elementor-widget elementor-widget-icon\" data-id=\"7045f02\" data-element_type=\"widget\" data-widget_type=\"icon.default\">\n\t\t\t\t\t\t\t<div class=\"elementor-icon-wrapper\">\n\t\t\t<div class=\"elementor-icon\">\n\t\t\t<svg xmlns=\"http:\/\/www.w3.org\/2000\/svg\" width=\"36\" height=\"36\" viewBox=\"0 0 24 24\" fill=\"none\" stroke=\"currentColor\" stroke-width=\"2\" stroke-linecap=\"round\" stroke-linejoin=\"round\" class=\"lucide lucide-gavel\"><path d=\"m14.5 12.5-8 8a2.119 2.119 0 1 1-3-3l8-8\"><\/path><path d=\"m16 16 6-6\"><\/path><path d=\"m8 8 6-6\"><\/path><path d=\"m9 7 8 8\"><\/path><path d=\"m21 11-8-8\"><\/path><\/svg>\t\t\t<\/div>\n\t\t<\/div>\n\t\t\t\t\t\t<\/div>\n\t\t\t\t<div class=\"elementor-element elementor-element-773ef8d elementor-widget elementor-widget-heading\" data-id=\"773ef8d\" data-element_type=\"widget\" data-widget_type=\"heading.default\">\n\t\t\t\t\t<h2 class=\"elementor-heading-title elementor-size-default\">Delitos Fiscales<\/h2>\t\t\t\t<\/div>\n\t\t\t\t<div class=\"elementor-element elementor-element-d32f79a elementor-widget__width-initial elementor-widget elementor-widget-text-editor\" data-id=\"d32f79a\" data-element_type=\"widget\" data-widget_type=\"text-editor.default\">\n\t\t\t\t\t\t\t\t\t<p>Defensa especializada en delitos contra la Hacienda P\u00fablica y fraude fiscal con amplia experiencia en negociaciones con la fiscal\u00eda.<\/p>\t\t\t\t\t\t\t\t<\/div>\n\t\t\t\t<div class=\"elementor-element elementor-element-852dfa4 elementor-align-justify elementor-widget elementor-widget-button\" data-id=\"852dfa4\" data-element_type=\"widget\" data-widget_type=\"button.default\">\n\t\t\t\t\t\t\t\t\t\t<a class=\"elementor-button elementor-button-link elementor-size-sm\" href=\"#\">\n\t\t\t\t\t\t<span class=\"elementor-button-content-wrapper\">\n\t\t\t\t\t\t\t\t\t<span class=\"elementor-button-text\">M\u00e1s informaci\u00f3n<\/span>\n\t\t\t\t\t<\/span>\n\t\t\t\t\t<\/a>\n\t\t\t\t\t\t\t\t<\/div>\n\t\t\t\t<\/div>\n\t\t<div class=\"elementor-element elementor-element-1dd70ea e-con-full e-flex e-con e-child\" data-id=\"1dd70ea\" data-element_type=\"container\">\n\t\t\t\t<div class=\"elementor-element elementor-element-15da2d4 nofill elementor-view-default elementor-widget elementor-widget-icon\" data-id=\"15da2d4\" data-element_type=\"widget\" data-widget_type=\"icon.default\">\n\t\t\t\t\t\t\t<div class=\"elementor-icon-wrapper\">\n\t\t\t<div class=\"elementor-icon\">\n\t\t\t<svg xmlns=\"http:\/\/www.w3.org\/2000\/svg\" width=\"36\" height=\"36\" viewBox=\"0 0 24 24\" fill=\"none\" stroke=\"currentColor\" stroke-width=\"2\" stroke-linecap=\"round\" stroke-linejoin=\"round\" class=\"lucide lucide-scale\"><path d=\"m16 16 3-8 3 8c-.87.65-1.92 1-3 1s-2.13-.35-3-1Z\"><\/path><path d=\"m2 16 3-8 3 8c-.87.65-1.92 1-3 1s-2.13-.35-3-1Z\"><\/path><path d=\"M7 21h10\"><\/path><path d=\"M12 3v18\"><\/path><path d=\"M3 7h2c2 0 5-1 7-2 2 1 5 2 7 2h2\"><\/path><\/svg>\t\t\t<\/div>\n\t\t<\/div>\n\t\t\t\t\t\t<\/div>\n\t\t\t\t<div class=\"elementor-element elementor-element-6ba4d6c elementor-widget elementor-widget-heading\" data-id=\"6ba4d6c\" data-element_type=\"widget\" data-widget_type=\"heading.default\">\n\t\t\t\t\t<h2 class=\"elementor-heading-title elementor-size-default\">Blanqueo de Capitales<\/h2>\t\t\t\t<\/div>\n\t\t\t\t<div class=\"elementor-element elementor-element-198898c elementor-widget__width-initial elementor-widget elementor-widget-text-editor\" data-id=\"198898c\" data-element_type=\"widget\" data-widget_type=\"text-editor.default\">\n\t\t\t\t\t\t\t\t\t<p class=\"text-gray-600 mb-5 flex-grow\">Asesoramiento y defensa en procedimientos relacionados con el blanqueo de capitales y movimientos financieros irregulares.<\/p>\t\t\t\t\t\t\t\t<\/div>\n\t\t\t\t<div class=\"elementor-element elementor-element-c99acf7 elementor-align-justify elementor-widget elementor-widget-button\" data-id=\"c99acf7\" data-element_type=\"widget\" data-widget_type=\"button.default\">\n\t\t\t\t\t\t\t\t\t\t<a class=\"elementor-button elementor-button-link elementor-size-sm\" href=\"#\">\n\t\t\t\t\t\t<span class=\"elementor-button-content-wrapper\">\n\t\t\t\t\t\t\t\t\t<span class=\"elementor-button-text\">M\u00e1s informaci\u00f3n<\/span>\n\t\t\t\t\t<\/span>\n\t\t\t\t\t<\/a>\n\t\t\t\t\t\t\t\t<\/div>\n\t\t\t\t<\/div>\n\t\t<div class=\"elementor-element elementor-element-53d4600 e-con-full e-flex e-con e-child\" data-id=\"53d4600\" data-element_type=\"container\">\n\t\t\t\t<div class=\"elementor-element elementor-element-5462dce nofill elementor-view-default elementor-widget elementor-widget-icon\" data-id=\"5462dce\" data-element_type=\"widget\" data-widget_type=\"icon.default\">\n\t\t\t\t\t\t\t<div class=\"elementor-icon-wrapper\">\n\t\t\t<div class=\"elementor-icon\">\n\t\t\t<svg xmlns=\"http:\/\/www.w3.org\/2000\/svg\" width=\"36\" height=\"36\" viewBox=\"0 0 24 24\" fill=\"none\" stroke=\"currentColor\" stroke-width=\"2\" stroke-linecap=\"round\" stroke-linejoin=\"round\" class=\"lucide lucide-building\"><rect width=\"16\" height=\"20\" x=\"4\" y=\"2\" rx=\"2\" ry=\"2\"><\/rect><path d=\"M9 22v-4h6v4\"><\/path><path d=\"M8 6h.01\"><\/path><path d=\"M16 6h.01\"><\/path><path d=\"M12 6h.01\"><\/path><path d=\"M12 10h.01\"><\/path><path d=\"M12 14h.01\"><\/path><path d=\"M16 10h.01\"><\/path><path d=\"M16 14h.01\"><\/path><path d=\"M8 10h.01\"><\/path><path d=\"M8 14h.01\"><\/path><\/svg>\t\t\t<\/div>\n\t\t<\/div>\n\t\t\t\t\t\t<\/div>\n\t\t\t\t<div class=\"elementor-element elementor-element-54dc3bb elementor-widget elementor-widget-heading\" data-id=\"54dc3bb\" data-element_type=\"widget\" data-widget_type=\"heading.default\">\n\t\t\t\t\t<h2 class=\"elementor-heading-title elementor-size-default\">Delitos Societarios\n<\/h2>\t\t\t\t<\/div>\n\t\t\t\t<div class=\"elementor-element elementor-element-ab83eb5 elementor-widget__width-initial elementor-widget elementor-widget-text-editor\" data-id=\"ab83eb5\" data-element_type=\"widget\" data-widget_type=\"text-editor.default\">\n\t\t\t\t\t\t\t\t\t<p class=\"text-gray-600 mb-5 flex-grow\">Representaci\u00f3n legal en casos de administraci\u00f3n desleal, apropiaci\u00f3n indebida y otros delitos en el \u00e1mbito corporativo.<\/p>\t\t\t\t\t\t\t\t<\/div>\n\t\t\t\t<div class=\"elementor-element elementor-element-9c188ec elementor-align-justify elementor-widget elementor-widget-button\" data-id=\"9c188ec\" data-element_type=\"widget\" data-widget_type=\"button.default\">\n\t\t\t\t\t\t\t\t\t\t<a class=\"elementor-button elementor-button-link elementor-size-sm\" href=\"#\">\n\t\t\t\t\t\t<span class=\"elementor-button-content-wrapper\">\n\t\t\t\t\t\t\t\t\t<span class=\"elementor-button-text\">M\u00e1s informaci\u00f3n<\/span>\n\t\t\t\t\t<\/span>\n\t\t\t\t\t<\/a>\n\t\t\t\t\t\t\t\t<\/div>\n\t\t\t\t<\/div>\n\t\t\t\t<\/div>\n\t\t\t\t\t<\/div>\n\t\t\t\t<\/div>\n\t\t<div class=\"elementor-element elementor-element-403fe1f e-flex e-con-boxed e-con e-parent\" data-id=\"403fe1f\" data-element_type=\"container\" data-settings=\"{&quot;background_background&quot;:&quot;classic&quot;}\">\n\t\t\t\t\t<div class=\"e-con-inner\">\n\t\t\t\t<div class=\"elementor-element elementor-element-8e5540b elementor-widget elementor-widget-heading\" data-id=\"8e5540b\" data-element_type=\"widget\" data-widget_type=\"heading.default\">\n\t\t\t\t\t<h2 class=\"elementor-heading-title elementor-size-default\">\u00bfEnfrenta un problema legal relacionado con Derecho Penal Econ\u00f3mico?<\/h2>\t\t\t\t<\/div>\n\t\t\t\t<div class=\"elementor-element elementor-element-f8b39af elementor-widget__width-inherit elementor-widget elementor-widget-text-editor\" data-id=\"f8b39af\" data-element_type=\"widget\" data-widget_type=\"text-editor.default\">\n\t\t\t\t\t\t\t\t\t<p>Contacte con PRADA ABOGADOS hoy mismo para una consulta inicial confidencial. Nuestro equipo de especialistas analizar\u00e1 su caso y le ofrecer\u00e1 la mejor soluci\u00f3n adaptada a sus necesidades.<\/p>\t\t\t\t\t\t\t\t<\/div>\n\t\t\t\t<div class=\"elementor-element elementor-element-abea626 elementor-align-center elementor-widget elementor-widget-button\" data-id=\"abea626\" data-element_type=\"widget\" data-widget_type=\"button.default\">\n\t\t\t\t\t\t\t\t\t\t<a class=\"elementor-button elementor-button-link elementor-size-sm\" href=\"https:\/\/pradaabogados.es\/index.php\/contacto\/\">\n\t\t\t\t\t\t<span class=\"elementor-button-content-wrapper\">\n\t\t\t\t\t\t\t\t\t<span class=\"elementor-button-text\">Solicitar Consulta Confidencial<\/span>\n\t\t\t\t\t<\/span>\n\t\t\t\t\t<\/a>\n\t\t\t\t\t\t\t\t<\/div>\n\t\t\t\t\t<\/div>\n\t\t\t\t<\/div>\n\t\t\t\t<\/div>\n\t\t","protected":false},"excerpt":{"rendered":"<p>Especialistas en Derecho Penal Econ\u00f3mico desde 1983 Ofrecemos defensa jur\u00eddica especializada en todas las \u00e1reas del Derecho Penal Econ\u00f3mico, protegiendo sus intereses con la m\u00e1xima profesionalidad y rigor. Solicitar Consulta Confidencial 40 A\u00f1os de Experiencia en Derecho Penal Econ\u00f3mico PRADA ABOGADOS es un despacho fundado en 1983, especializado exclusivamente en Derecho Penal Econ\u00f3mico. Nuestra amplia [&hellip;]<\/p>\n","protected":false},"author":1,"featured_media":0,"parent":0,"menu_order":0,"comment_status":"closed","ping_status":"closed","template":"","meta":{"footnotes":""},"class_list":["post-83","page","type-page","status-publish","hentry"],"_links":{"self":[{"href":"https:\/\/pradaabogados.es\/index.php\/wp-json\/wp\/v2\/pages\/83","targetHints":{"allow":["GET"]}}],"collection":[{"href":"https:\/\/pradaabogados.es\/index.php\/wp-json\/wp\/v2\/pages"}],"about":[{"href":"https:\/\/pradaabogados.es\/index.php\/wp-json\/wp\/v2\/types\/page"}],"author":[{"embeddable":true,"href":"https:\/\/pradaabogados.es\/index.php\/wp-json\/wp\/v2\/users\/1"}],"replies":[{"embeddable":true,"href":"https:\/\/pradaabogados.es\/index.php\/wp-json\/wp\/v2\/comments?post=83"}],"version-history":[{"count":256,"href":"https:\/\/pradaabogados.es\/index.php\/wp-json\/wp\/v2\/pages\/83\/revisions"}],"predecessor-version":[{"id":638,"href":"https:\/\/pradaabogados.es\/index.php\/wp-json\/wp\/v2\/pages\/83\/revisions\/638"}],"wp:attachment":[{"href":"https:\/\/pradaabogados.es\/index.php\/wp-json\/wp\/v2\/media?parent=83"}],"curies":[{"name":"wp","href":"https:\/\/api.w.org\/{rel}","templated":true}]}}